-1000001001000111100001011?
1000001001000111100001110
In base 5, what is 1 - -3321232041?
3321232042
In base 15, what is 1 + -48719a?
-487199
In base 2, what is 1101011101100010 + -1001100010111?
1100010001001011
In base 5, what is 112 - 101312422?
-101312310
In base 2, what is -110000110000010000 - 10011101?
-110000110010101101
In base 10, what is -4785391 - 1?
-4785392
In base 12, what is 1a186 - 1918?
1846a
In base 11, what is -48a1316 - 104?
-48a141a
In base 10, what is 483 + 28033?
28516
In base 6, what is 2 - 34100053?
-34100051
In base 5, what is 24342244414 - -1?
24342244420
In base 15, what is 1 - 1baa0eda?
-1baa0ed9
In base 3, what is 1010011120012001 + 12?
1010011120012020
In base 9, what is 556401374 - 3?
556401371
In base 8, what is 230121 - 513?
227406
In base 3, what is -1020120002220 - -212?
-1020120002001
In base 12, what is a3b + -1448?
-609
In base 8, what is -316137 - 361?
-316520
In base 2, what is 10001111100011 + -11110001101?
1110001010110
In base 12, what is 4 + -89a980?
-89a978
In base 15, what is 1436 + -19a3?
-56c
In base 5, what is -3314011132 - 3?
-3314011140
In base 11, what is 6 - -90995a7?
9099602
In base 12, what is -a453 - 66a9?
-14b40
In base 14, what is -739dabd - 3?
-739dac2
In base 16, what is 3437f6 - e?
3437e8
In base 11, what is 913 + -547?
377
In base 4, what is -13202 - 1231103103?
-1231122311
In base 15, what is -3 - -79ebe?
79ebb
In base 11, what is -7808a56 + 9?
-7808a48
In base 2, what is 10 - -10011010110101110011001101?
10011010110101110011001111
In base 4, what is -131300 - -122100202?
121302302
In base 5, what is -3031443012 + -200?
-3031443212
In base 15, what is 33a2 + -12616?
-e264
In base 3, what is -2 - 22212212220100220?
-22212212220100222
In base 9, what is -218 - 268013?
-268232
In base 3, what is -10 + -1200122212222120?
-1200122212222200
In base 3, what is 10100021 + -11121101122?
-11111001101
In base 14, what is -1c9720 + -d?
-1c972d
In base 16, what is -3e292bb + 4?
-3e292b7
In base 5, what is -103 - -40040?
34432
In base 6, what is -51001025 - 1?
-51001030
In base 16, what is -71e3f73 - -3?
-71e3f70
In base 8, what is -536302514 - -4?
-536302510
In base 12, what is -15 - 839726?
-83973b
In base 13, what is -2b8b7b6 - -3?
-2b8b7b3
In base 10, what is -11 + 240567?
240556
In base 2, what is -110 - 110000111010001001011011?
-110000111010001001100001
In base 5, what is -40244034 - -424?
-40243110
In base 14, what is 5 + -4c2415?
-4c2410
In base 10, what is 28 - 35640878?
-35640850
In base 12, what is -4 - 2758459?
-2758461
In base 15, what is 38a62e + 1?
38a630
In base 9, what is 17 - -105824042?
105824060
In base 11, what is 24a306 + 1384?
25068a
In base 5, what is 0 - 1202004103?
-1202004103
In base 8, what is -125743 + 2345?
-123376
In base 7, what is 16 - -344220334?
344220353
In base 7, what is 1222454 - 11?
1222443
In base 10, what is 26689 - -1639?
28328
In base 2, what is -11111 - -1000000111000001?
1000000110100010
In base 3, what is -1020212120 - -20020?
-1020122100
In base 7, what is 164 + -22223603?
-22223406
In base 2, what is 11010100001001001010 + -110?
11010100001001000100
In base 4, what is 2 + 11000033031323?
11000033031331
In base 16, what is -1 - 1e73add?
-1e73ade
In base 8, what is 15317763 + 3?
15317766
In base 14, what is -91a422 + -a8?
-91a4ca
In base 11, what is 197 + -23573?
-23387
In base 12, what is -167 + -27b4?
-295b
In base 12, what is 23151b - -212?
231731
In base 11, what is 6714 - -4a5?
7109
In base 14, what is 34b0 - -2129?
55d9
In base 9, what is -3 - -105514758?
105514755
In base 3, what is -221222 + 20200020?
12201021
In base 11, what is -5a0 + 26a6?
2106
In base 8, what is 7 - -104547204?
104547213
In base 15, what is -5 - 333a2c9?
-333a2ce
In base 14, what is 3a450 - -11d?
3a56d
In base 4, what is -13133 - -211031121?
211011322
In base 4, what is 12211122 + 2220220?
21032002
In base 8, what is 277547 + -71?
277456
In base 10, what is -4 + -4765323?
-4765327
In base 11, what is 3 + -5187867?
-5187864
In base 15, what is 12 - -40ec28c?
40ec29e
In base 12, what is 7509 + -295a?
476b
In base 5, what is -143100210 + 34?
-143100121
In base 5, what is 2311 - 4310201?
-4302340
In base 13, what is 2c - -b17ba4?
b17c03
In base 7, what is 10462 + -43?
10416
In base 6, what is 12 - 2043220311?
-2043220255
In base 11, what is 69 + 3328499?
3328557
In base 9, what is -4144 - 341354?
-345508
In base 16, what is -103 - -d164?
d061
In base 5, what is -2202120034013 - -4?
-2202120034004
In base 12, what is 1174 - -a64a?
b802
In base 8, what is -1173 + 54226?
53033
In base 11, what is 867 + 58225?
58a91
In base 13, what is 416243 + -bb?
416155
In base 11, what is -5589829 + -6?
-5589834
In base 12, what is -11991b9 - 1a8?
-11993a5
In base 7, what is -56326262 - -6?
-56326253
In base 16, what is -4 + -7eeda3?
-7eeda7
In base 11, what is -78 + -2a663a?
-2a6707
In base 6, what is 241144522 - -13?
241144535
In base 8, what is -32553126 + 45?
-32553061
In base 13, what is -2 - 12a72c08?
-12a72c0a
In base 12, what is -49 - -12701?
12674
In base 2, what is 100111101101100 - 11101101100111?
1010000000101
In base 10, what is 5 - -179368?
179373
In base 2, what is -11 + -1011101010011111111010011?
-1011101010011111111010110
In base 7, what is 140052 + -45460?
61262
In base 6, what is 1 + -1130151025?
-1130151024
In base 13, what is -28049 + -1532?
-2957b
In base 2, what is 10 - -1100000001100110000100?
1100000001100110000110
In base 13, what is -3 + -6155055?
-6155058
In base 2, what is -100 - -10110010111001011111111011?
10110010111001011111110111
In base 4, what is 3 + -10100213032203?
-10100213032200
In base 9, what is 5 - 33730412?
-33730406
In base 10, what is 27 + -1971458?
-1971431
In base 16, what is -1d70 + -262f?
-439f
In base 8, what is -527 - 60472?
-61221
In base 2, what is -1101000000110001110000 + 100?
-1101000000110001101100
In base 8, what is 3151 + -10136?
-4765
In base 6, what is -34030240 + -142?
-34030422
In base 10, what is 275115924 + -4?
275115920
In base 6, what is 0 - 1055413443?
-1055413443
In base 15, what is 3a46730 - 1?
3a4672e
In base 9, what is 566 + -25010?
-24333
In base 5, what is 1111324 - 24213?
1032111
In base 14, what is 2c6 - -13c0?
16a6
In base 4, what is -213133 + -221022?
-1100221
In base 16, what is -1c + 7aaf76?
7aaf5a
In base 2, what is 1010011001110001 - -1010?
1010011001111011
In base 15, what is acb + 4e2?
10bd
In base 16, what is 1 + -1cd0b0?
-1cd0af
In base 14, what is -460a93a - 6?
-460a942
In base 9, what is -841180 - -1252?
-838827
In base 14, what is -24c7340 + -5?
-24c7345
In base 3, what is -2001102 - 2021021?
-11022200
In base 5, what is 1141013411 - 442?
1141012414
In base 3, what is 22 + -2110221100221?
-2110221100122
In base 11, what is -42a0721 + -30?
-42a0751
In base 3, what is -210 + -112202102220020?
-112202102221000
In base 11, what is -31463 - a5?
-31558
In base 6, what is 513244543 + -4?
513244535
In base 5, what is 0 - -11101343432?
11101343432
In base 9, what is 3 - 484672?
-484668
In base 15, what is -356 + -dbe42?
-dc298
In base 5, what is -334200432 + -113?
-334201100
In base 2, what is -101 - -101100111000101101011111?
101100111000101101011010
In base 13, what is -1a6700b25 - 2?
-1a6700b27
In base 3, what is -20220120001 - 1222?
-20220122000
In base 12, what is 108a7267 - -3?
108a726a
In base 3, what is -1021220210 + -101100?
-1022022010
In base 2, what is 100110011011011101001111111 - 101?
100110011011011101001111010
In base 3, what is -120220012220200 - -102?
-120220012220021
In base 4, what is -21001 + -100320103?
-101001110
In base 8, what is -574 - -27536?
26742
In base 9, what is -58372 + 68?
-58303
In base 14, what is -2c1 - 30a?
-5cb
In base 9, what is 21533 + 110?
21643
In base 12, what is 0 - 582215a?
-582215a
In base 3, what is -100202001202022 + 1?
-100202001202021
In base 15, what is 66 - -405b?
40c2
In base 2, what is 10001001011101001100110001 + 0?
10001001011101001100110001
In base 3, what is 11 + 121201111220110?
121201111220121
In base 11, what is -11a2a687 - 1?
-11a2a688
In base 11, what is -21 - 4571a27?
-4571a48
In base 11, what is 163985 - -4?
163989
In base 4, what is -100330 + 2031110310?
2031003320
In base 2, what is 1111101110000 - -1101011100101010?
1111011010011010
In